{"id":95,"date":"2015-06-19T21:39:10","date_gmt":"2015-06-19T21:39:10","guid":{"rendered":"http:\/\/plusvertailleurs.com\/?page_id=95"},"modified":"2015-06-19T21:39:10","modified_gmt":"2015-06-19T21:39:10","slug":"contact","status":"publish","type":"page","link":"https:\/\/plusvertailleurs.com\/index.php\/contact\/","title":{"rendered":"Pr\u00e9sentation &#038; Contact"},"content":{"rendered":"<h4><span style=\"color: #003300;\">PR\u00c9SENTATION<\/span><\/h4>\n<p style=\"text-align: justify;\">Ni un essai, ni un guide moralisateur, le site <em>Plus vert Ailleurs<\/em> est avant tout un blogue qui, nous l\u2019esp\u00e9rons, <strong>vous fera r\u00eaver<\/strong> tout en vous faisant r\u00e9fl\u00e9chir \u00e0 votre impact en tant que voyageur. Notre but durant cette ann\u00e9e n\u2019est pas de faire de ce voyage une course effr\u00e9n\u00e9e aux destinations multiples, mais de s\u2019enrichir humainement par le rapport \u00e0 l\u2019autre.<\/p>\n<p style=\"text-align: justify;\">S\u2019il existe plusieurs formes de tourisme nous avons choisi le tourisme responsable. Ce dernier vise \u00e0 pr\u00e9server les ressources naturelles d\u2019un territoire en respectant les coutumes culturelles et sociales d\u2019une communaut\u00e9. Cela en minimisant au maximum les traces de notre passage. Dans ce cadre nous privil\u00e9gions le <em><a href=\"http:\/\/wwoof.net\" target=\"_blank\" rel=\"noopener\"><strong>Wwoofing<\/strong>,<\/a> <strong><a href=\"http:\/\/www.workaway.info\/\" target=\"_blank\" rel=\"noopener\">Workaways<\/a><\/strong><\/em> ainsi que le <strong><em><a href=\"http:\/\/www.couchsurfing.com\" target=\"_blank\" rel=\"noopener\">Coach Surfing<\/a><\/em><\/strong> et toute autre initiative qui sera sur notre route et qui refl\u00e9tera ces valeurs. Nous esp\u00e9rons que vous y trouverez l\u2019inspiration pour vos prochains voyages. Vos commentaires ou propositions sont toujours les bienvenus.<\/p>\n<p>Au plaisir !<\/p>\n<p>Chantale &amp; Wesley<\/p>\n<div class=\"pullquote pullquote-left\">\nInfo@plusvertailleurs.com<br \/>\n<\/div>\n<div id=\"attachment_326\" style=\"width: 859px\" class=\"wp-caption aligncenter\"><a href=\"https:\/\/plusvertailleurs.com\/wp-content\/uploads\/2015\/06\/Nous_Vieux2.jpg\"><img loading=\"lazy\" decoding=\"async\" aria-describedby=\"caption-attachment-326\" class=\"wp-image-326 size-large\" src=\"https:\/\/plusvertailleurs.com\/wp-content\/uploads\/2015\/06\/Nous_Vieux2-850x566.jpg\" alt=\"Nous_Vieux2\" width=\"849\" height=\"565\" srcset=\"https:\/\/plusvertailleurs.com\/wp-content\/uploads\/2015\/06\/Nous_Vieux2-850x566.jpg 850w, https:\/\/plusvertailleurs.com\/wp-content\/uploads\/2015\/06\/Nous_Vieux2-300x200.jpg 300w, https:\/\/plusvertailleurs.com\/wp-content\/uploads\/2015\/06\/Nous_Vieux2-768x511.jpg 768w, https:\/\/plusvertailleurs.com\/wp-content\/uploads\/2015\/06\/Nous_Vieux2-1536x1023.jpg 1536w, https:\/\/plusvertailleurs.com\/wp-content\/uploads\/2015\/06\/Nous_Vieux2-2048x1363.jpg 2048w\" sizes=\"auto, (max-width: 849px) 100vw, 849px\" \/><\/a><p id=\"caption-attachment-326\" class=\"wp-caption-text\"><span style=\"color: #003300;\"><strong>Chantale et Wesley \u00a0<\/strong><\/span><\/p><\/div>\n<p>Vous pouvez nous rejoindre \u00e0 l&rsquo;adresse e-mail suivante : <span style=\"color: #000000;\"><strong><em>info@plusvertailleurs.com<\/em><\/strong><\/span><\/p>\n","protected":false},"excerpt":{"rendered":"<p>PR\u00c9SENTATION Ni un essai, ni un guide moralisateur, le site Plus vert Ailleurs est avant tout un blogue qui, nous l\u2019esp\u00e9rons, vous fera r\u00eaver tout en vous faisant r\u00e9fl\u00e9chir \u00e0 votre impact en tant que voyageur. Notre but durant cette ann\u00e9e n\u2019est pas de faire de ce voyage une course effr\u00e9n\u00e9e aux destinations multiples, mais [&hellip;]<\/p>\n","protected":false},"author":2,"featured_media":0,"parent":0,"menu_order":0,"comment_status":"open","ping_status":"open","template":"","meta":{"footnotes":""},"class_list":["post-95","page","type-page","status-publish","hentry"],"yoast_head":"<!-- This site is optimized with the Yoast SEO plugin v27.4 - https:\/\/yoast.com\/product\/yoast-seo-wordpress\/ -->\n<title>Pr\u00e9sentation &amp; Contact - Plus vert ailleurs<\/title>\n<meta name=\"robots\" content=\"index, follow, max-snippet:-1, max-image-preview:large, max-video-preview:-1\" \/>\n<link rel=\"canonical\" href=\"https:\/\/plusvertailleurs.com\/index.php\/contact\/\" \/>\n<meta property=\"og:locale\" content=\"fr_FR\" \/>\n<meta property=\"og:type\" content=\"article\" \/>\n<meta property=\"og:title\" content=\"Pr\u00e9sentation &amp; Contact - Plus vert ailleurs\" \/>\n<meta property=\"og:description\" content=\"PR\u00c9SENTATION Ni un essai, ni un guide moralisateur, le site Plus vert Ailleurs est avant tout un blogue qui, nous l\u2019esp\u00e9rons, vous fera r\u00eaver tout en vous faisant r\u00e9fl\u00e9chir \u00e0 votre impact en tant que voyageur. Notre but durant cette ann\u00e9e n\u2019est pas de faire de ce voyage une course effr\u00e9n\u00e9e aux destinations multiples, mais [&hellip;]\" \/>\n<meta property=\"og:url\" content=\"https:\/\/plusvertailleurs.com\/index.php\/contact\/\" \/>\n<meta property=\"og:site_name\" content=\"Plus vert ailleurs\" \/>\n<meta property=\"og:image\" content=\"https:\/\/plusvertailleurs.com\/wp-content\/uploads\/2015\/06\/Nous_Vieux2-850x566.jpg\" \/>\n<meta name=\"twitter:card\" content=\"summary_large_image\" \/>\n<meta name=\"twitter:label1\" content=\"Dur\u00e9e de lecture estim\u00e9e\" \/>\n\t<meta name=\"twitter:data1\" content=\"1 minute\" \/>\n<script type=\"application\/ld+json\" class=\"yoast-schema-graph\">{\"@context\":\"https:\\\/\\\/schema.org\",\"@graph\":[{\"@type\":\"WebPage\",\"@id\":\"https:\\\/\\\/plusvertailleurs.com\\\/index.php\\\/contact\\\/\",\"url\":\"https:\\\/\\\/plusvertailleurs.com\\\/index.php\\\/contact\\\/\",\"name\":\"Pr\u00e9sentation & Contact - Plus vert ailleurs\",\"isPartOf\":{\"@id\":\"https:\\\/\\\/plusvertailleurs.com\\\/#website\"},\"primaryImageOfPage\":{\"@id\":\"https:\\\/\\\/plusvertailleurs.com\\\/index.php\\\/contact\\\/#primaryimage\"},\"image\":{\"@id\":\"https:\\\/\\\/plusvertailleurs.com\\\/index.php\\\/contact\\\/#primaryimage\"},\"thumbnailUrl\":\"https:\\\/\\\/plusvertailleurs.com\\\/wp-content\\\/uploads\\\/2015\\\/06\\\/Nous_Vieux2-850x566.jpg\",\"datePublished\":\"2015-06-19T21:39:10+00:00\",\"breadcrumb\":{\"@id\":\"https:\\\/\\\/plusvertailleurs.com\\\/index.php\\\/contact\\\/#breadcrumb\"},\"inLanguage\":\"fr-FR\",\"potentialAction\":[{\"@type\":\"ReadAction\",\"target\":[\"https:\\\/\\\/plusvertailleurs.com\\\/index.php\\\/contact\\\/\"]}]},{\"@type\":\"ImageObject\",\"inLanguage\":\"fr-FR\",\"@id\":\"https:\\\/\\\/plusvertailleurs.com\\\/index.php\\\/contact\\\/#primaryimage\",\"url\":\"https:\\\/\\\/plusvertailleurs.com\\\/wp-content\\\/uploads\\\/2015\\\/06\\\/Nous_Vieux2-850x566.jpg\",\"contentUrl\":\"https:\\\/\\\/plusvertailleurs.com\\\/wp-content\\\/uploads\\\/2015\\\/06\\\/Nous_Vieux2-850x566.jpg\"},{\"@type\":\"BreadcrumbList\",\"@id\":\"https:\\\/\\\/plusvertailleurs.com\\\/index.php\\\/contact\\\/#breadcrumb\",\"itemListElement\":[{\"@type\":\"ListItem\",\"position\":1,\"name\":\"Accueil\",\"item\":\"https:\\\/\\\/plusvertailleurs.com\\\/\"},{\"@type\":\"ListItem\",\"position\":2,\"name\":\"Pr\u00e9sentation &#038; Contact\"}]},{\"@type\":\"WebSite\",\"@id\":\"https:\\\/\\\/plusvertailleurs.com\\\/#website\",\"url\":\"https:\\\/\\\/plusvertailleurs.com\\\/\",\"name\":\"Plus vert ailleurs\",\"description\":\"\",\"publisher\":{\"@id\":\"https:\\\/\\\/plusvertailleurs.com\\\/#organization\"},\"potentialAction\":[{\"@type\":\"SearchAction\",\"target\":{\"@type\":\"EntryPoint\",\"urlTemplate\":\"https:\\\/\\\/plusvertailleurs.com\\\/?s={search_term_string}\"},\"query-input\":{\"@type\":\"PropertyValueSpecification\",\"valueRequired\":true,\"valueName\":\"search_term_string\"}}],\"inLanguage\":\"fr-FR\"},{\"@type\":\"Organization\",\"@id\":\"https:\\\/\\\/plusvertailleurs.com\\\/#organization\",\"name\":\"Plus vert ailleurs\",\"url\":\"https:\\\/\\\/plusvertailleurs.com\\\/\",\"logo\":{\"@type\":\"ImageObject\",\"inLanguage\":\"fr-FR\",\"@id\":\"https:\\\/\\\/plusvertailleurs.com\\\/#\\\/schema\\\/logo\\\/image\\\/\",\"url\":\"https:\\\/\\\/plusvertailleurs.com\\\/wp-content\\\/uploads\\\/2022\\\/12\\\/cropped-logo_1.png\",\"contentUrl\":\"https:\\\/\\\/plusvertailleurs.com\\\/wp-content\\\/uploads\\\/2022\\\/12\\\/cropped-logo_1.png\",\"width\":1024,\"height\":420,\"caption\":\"Plus vert ailleurs\"},\"image\":{\"@id\":\"https:\\\/\\\/plusvertailleurs.com\\\/#\\\/schema\\\/logo\\\/image\\\/\"}}]}<\/script>\n<!-- \/ Yoast SEO plugin. -->","yoast_head_json":{"title":"Pr\u00e9sentation & Contact - Plus vert ailleurs","robots":{"index":"index","follow":"follow","max-snippet":"max-snippet:-1","max-image-preview":"max-image-preview:large","max-video-preview":"max-video-preview:-1"},"canonical":"https:\/\/plusvertailleurs.com\/index.php\/contact\/","og_locale":"fr_FR","og_type":"article","og_title":"Pr\u00e9sentation & Contact - Plus vert ailleurs","og_description":"PR\u00c9SENTATION Ni un essai, ni un guide moralisateur, le site Plus vert Ailleurs est avant tout un blogue qui, nous l\u2019esp\u00e9rons, vous fera r\u00eaver tout en vous faisant r\u00e9fl\u00e9chir \u00e0 votre impact en tant que voyageur. Notre but durant cette ann\u00e9e n\u2019est pas de faire de ce voyage une course effr\u00e9n\u00e9e aux destinations multiples, mais [&hellip;]","og_url":"https:\/\/plusvertailleurs.com\/index.php\/contact\/","og_site_name":"Plus vert ailleurs","og_image":[{"url":"https:\/\/plusvertailleurs.com\/wp-content\/uploads\/2015\/06\/Nous_Vieux2-850x566.jpg","type":"","width":"","height":""}],"twitter_card":"summary_large_image","twitter_misc":{"Dur\u00e9e de lecture estim\u00e9e":"1 minute"},"schema":{"@context":"https:\/\/schema.org","@graph":[{"@type":"WebPage","@id":"https:\/\/plusvertailleurs.com\/index.php\/contact\/","url":"https:\/\/plusvertailleurs.com\/index.php\/contact\/","name":"Pr\u00e9sentation & Contact - Plus vert ailleurs","isPartOf":{"@id":"https:\/\/plusvertailleurs.com\/#website"},"primaryImageOfPage":{"@id":"https:\/\/plusvertailleurs.com\/index.php\/contact\/#primaryimage"},"image":{"@id":"https:\/\/plusvertailleurs.com\/index.php\/contact\/#primaryimage"},"thumbnailUrl":"https:\/\/plusvertailleurs.com\/wp-content\/uploads\/2015\/06\/Nous_Vieux2-850x566.jpg","datePublished":"2015-06-19T21:39:10+00:00","breadcrumb":{"@id":"https:\/\/plusvertailleurs.com\/index.php\/contact\/#breadcrumb"},"inLanguage":"fr-FR","potentialAction":[{"@type":"ReadAction","target":["https:\/\/plusvertailleurs.com\/index.php\/contact\/"]}]},{"@type":"ImageObject","inLanguage":"fr-FR","@id":"https:\/\/plusvertailleurs.com\/index.php\/contact\/#primaryimage","url":"https:\/\/plusvertailleurs.com\/wp-content\/uploads\/2015\/06\/Nous_Vieux2-850x566.jpg","contentUrl":"https:\/\/plusvertailleurs.com\/wp-content\/uploads\/2015\/06\/Nous_Vieux2-850x566.jpg"},{"@type":"BreadcrumbList","@id":"https:\/\/plusvertailleurs.com\/index.php\/contact\/#breadcrumb","itemListElement":[{"@type":"ListItem","position":1,"name":"Accueil","item":"https:\/\/plusvertailleurs.com\/"},{"@type":"ListItem","position":2,"name":"Pr\u00e9sentation &#038; Contact"}]},{"@type":"WebSite","@id":"https:\/\/plusvertailleurs.com\/#website","url":"https:\/\/plusvertailleurs.com\/","name":"Plus vert ailleurs","description":"","publisher":{"@id":"https:\/\/plusvertailleurs.com\/#organization"},"potentialAction":[{"@type":"SearchAction","target":{"@type":"EntryPoint","urlTemplate":"https:\/\/plusvertailleurs.com\/?s={search_term_string}"},"query-input":{"@type":"PropertyValueSpecification","valueRequired":true,"valueName":"search_term_string"}}],"inLanguage":"fr-FR"},{"@type":"Organization","@id":"https:\/\/plusvertailleurs.com\/#organization","name":"Plus vert ailleurs","url":"https:\/\/plusvertailleurs.com\/","logo":{"@type":"ImageObject","inLanguage":"fr-FR","@id":"https:\/\/plusvertailleurs.com\/#\/schema\/logo\/image\/","url":"https:\/\/plusvertailleurs.com\/wp-content\/uploads\/2022\/12\/cropped-logo_1.png","contentUrl":"https:\/\/plusvertailleurs.com\/wp-content\/uploads\/2022\/12\/cropped-logo_1.png","width":1024,"height":420,"caption":"Plus vert ailleurs"},"image":{"@id":"https:\/\/plusvertailleurs.com\/#\/schema\/logo\/image\/"}}]}},"_links":{"self":[{"href":"https:\/\/plusvertailleurs.com\/index.php\/wp-json\/wp\/v2\/pages\/95","targetHints":{"allow":["GET"]}}],"collection":[{"href":"https:\/\/plusvertailleurs.com\/index.php\/wp-json\/wp\/v2\/pages"}],"about":[{"href":"https:\/\/plusvertailleurs.com\/index.php\/wp-json\/wp\/v2\/types\/page"}],"author":[{"embeddable":true,"href":"https:\/\/plusvertailleurs.com\/index.php\/wp-json\/wp\/v2\/users\/2"}],"replies":[{"embeddable":true,"href":"https:\/\/plusvertailleurs.com\/index.php\/wp-json\/wp\/v2\/comments?post=95"}],"version-history":[{"count":0,"href":"https:\/\/plusvertailleurs.com\/index.php\/wp-json\/wp\/v2\/pages\/95\/revisions"}],"wp:attachment":[{"href":"https:\/\/plusvertailleurs.com\/index.php\/wp-json\/wp\/v2\/media?parent=95"}],"curies":[{"name":"wp","href":"https:\/\/api.w.org\/{rel}","templated":true}]}}